{"id":1712,"date":"2021-11-21T15:14:41","date_gmt":"2021-11-21T15:14:41","guid":{"rendered":"https:\/\/tuhabitacionenoviedo.com\/index.php\/services\/"},"modified":"2023-10-23T11:37:04","modified_gmt":"2023-10-23T11:37:04","slug":"pisofuertesacevedo","status":"publish","type":"page","link":"https:\/\/tuhabitacionenoviedo.com\/index.php\/pisofuertesacevedo\/","title":{"rendered":"Piso Fuertes Acevedo"},"content":{"rendered":"\t\t<div data-elementor-type=\"wp-page\" data-elementor-id=\"1712\" class=\"elementor elementor-1712\">\n\t\t\t\t\t\t\t\t\t<section class=\"elementor-section elementor-top-section elementor-element elementor-element-27f8cd97 elementor-section-height-min-height elementor-section-boxed elementor-section-height-default elementor-section-items-middle\" data-id=\"27f8cd97\" data-element_type=\"section\" data-settings=\"{&quot;background_background&quot;:&quot;classic&quot;}\">\n\t\t\t\t\t\t<div class=\"elementor-container elementor-column-gap-default\">\n\t\t\t\t\t<div class=\"elementor-column elementor-col-100 elementor-top-column elementor-element elementor-element-3bcd8fda\" data-id=\"3bcd8fda\" data-element_type=\"column\">\n\t\t\t<div class=\"elementor-widget-wrap elementor-element-populated\">\n\t\t\t\t\t\t\t\t<div class=\"elementor-element elementor-element-18020fc4 elementor-widget elementor-widget-heading\" data-id=\"18020fc4\" data-element_type=\"widget\" data-widget_type=\"heading.default\">\n\t\t\t\t<div class=\"elementor-widget-container\">\n\t\t\t<style>\/*! elementor - v3.16.0 - 17-10-2023 *\/\n.elementor-heading-title{padding:0;margin:0;line-height:1}.elementor-widget-heading .elementor-heading-title[class*=elementor-size-]>a{color:inherit;font-size:inherit;line-height:inherit}.elementor-widget-heading .elementor-heading-title.elementor-size-small{font-size:15px}.elementor-widget-heading .elementor-heading-title.elementor-size-medium{font-size:19px}.elementor-widget-heading .elementor-heading-title.elementor-size-large{font-size:29px}.elementor-widget-heading .elementor-heading-title.elementor-size-xl{font-size:39px}.elementor-widget-heading .elementor-heading-title.elementor-size-xxl{font-size:59px}<\/style><h1 class=\"elementor-heading-title elementor-size-default\">PISO FUERTES ACEVEDO<\/h1>\t\t<\/div>\n\t\t\t\t<\/div>\n\t\t\t\t\t<\/div>\n\t\t<\/div>\n\t\t\t\t\t\t\t<\/div>\n\t\t<\/section>\n\t\t<div class=\"elementor-element elementor-element-61f316f4 e-flex e-con-boxed e-con e-parent\" data-id=\"61f316f4\" data-element_type=\"container\" data-settings=\"{&quot;background_background&quot;:&quot;classic&quot;,&quot;content_width&quot;:&quot;boxed&quot;}\" data-core-v316-plus=\"true\">\n\t\t\t\t\t<div class=\"e-con-inner\">\n\t\t<div class=\"elementor-element elementor-element-7db12cc1 e-con-full e-flex e-con e-child\" data-id=\"7db12cc1\" data-element_type=\"container\" data-settings=\"{&quot;content_width&quot;:&quot;full&quot;}\">\n\t\t\t\t<div class=\"elementor-element elementor-element-77774dbe elementor-widget elementor-widget-text-editor\" data-id=\"77774dbe\" data-element_type=\"widget\" data-widget_type=\"text-editor.default\">\n\t\t\t\t<div class=\"elementor-widget-container\">\n\t\t\t<style>\/*! elementor - v3.16.0 - 17-10-2023 *\/\n.elementor-widget-text-editor.elementor-drop-cap-view-stacked .elementor-drop-cap{background-color:#69727d;color:#fff}.elementor-widget-text-editor.elementor-drop-cap-view-framed .elementor-drop-cap{color:#69727d;border:3px solid;background-color:transparent}.elementor-widget-text-editor:not(.elementor-drop-cap-view-default) .elementor-drop-cap{margin-top:8px}.elementor-widget-text-editor:not(.elementor-drop-cap-view-default) .elementor-drop-cap-letter{width:1em;height:1em}.elementor-widget-text-editor .elementor-drop-cap{float:left;text-align:center;line-height:1;font-size:50px}.elementor-widget-text-editor .elementor-drop-cap-letter{display:inline-block}<\/style>\t\t\t\t<p>Piso de 65m<sup>2<\/sup> con 3 habitaciones y 3 ba\u00f1os, zona com\u00fan compuesta de cocina-comedor completamente equipada y con Smart TV, balc\u00f3n exterior. Piso reformado en 2023. Edificio sin ascensor.<\/p><p>\u00a0<\/p><p>Excelente localizaci\u00f3n: a s\u00f3lo 2 minutos caminando del Campus Universitario del Cristo (Oviedo) y con parada de autob\u00fas urbano en la puerta. Calle comercial con todo lo necesario a menos de 100 metros (supermercados, farmacia, bancos\u2026)<\/p><p>\u00a0<\/p><p>\u00a0<\/p><ul><li>Zonas comunes<\/li><li>Habitaci\u00f3n 1 (10m<sup>2<\/sup>, exterior, cama de 150cm x 190cm)<\/li><li>Habitaci\u00f3n 2 (10m<sup>2<\/sup>, exterior, cama de 135cm x 200cm)<\/li><li>Habitaci\u00f3n 3 (7,2m<sup>2<\/sup>, exterior, cama de 90cm x 190cm)<\/li><\/ul>\t\t\t\t\t\t<\/div>\n\t\t\t\t<\/div>\n\t\t\t\t<\/div>\n\t\t<div class=\"elementor-element elementor-element-5737d844 e-con-full e-flex e-con e-child\" data-id=\"5737d844\" data-element_type=\"container\" data-settings=\"{&quot;content_width&quot;:&quot;full&quot;}\">\n\t\t\t\t<div class=\"elementor-element elementor-element-32f89c3d elementor-widget elementor-widget-image\" data-id=\"32f89c3d\" data-element_type=\"widget\" data-widget_type=\"image.default\">\n\t\t\t\t<div class=\"elementor-widget-container\">\n\t\t\t<style>\/*! elementor - v3.16.0 - 17-10-2023 *\/\n.elementor-widget-image{text-align:center}.elementor-widget-image a{display:inline-block}.elementor-widget-image a img[src$=\".svg\"]{width:48px}.elementor-widget-image img{vertical-align:middle;display:inline-block}<\/style>\t\t\t\t\t\t\t\t\t\t\t\t<img loading=\"lazy\" decoding=\"async\" width=\"1024\" height=\"727\" src=\"https:\/\/tuhabitacionenoviedo.com\/wp-content\/uploads\/2023\/10\/Captura-de-pantalla-2023-10-23-a-las-13.36.48-1024x727.png\" class=\"attachment-large size-large wp-image-2726\" alt=\"\" srcset=\"https:\/\/tuhabitacionenoviedo.com\/wp-content\/uploads\/2023\/10\/Captura-de-pantalla-2023-10-23-a-las-13.36.48-1024x727.png 1024w, https:\/\/tuhabitacionenoviedo.com\/wp-content\/uploads\/2023\/10\/Captura-de-pantalla-2023-10-23-a-las-13.36.48-300x213.png 300w, https:\/\/tuhabitacionenoviedo.com\/wp-content\/uploads\/2023\/10\/Captura-de-pantalla-2023-10-23-a-las-13.36.48-768x545.png 768w, https:\/\/tuhabitacionenoviedo.com\/wp-content\/uploads\/2023\/10\/Captura-de-pantalla-2023-10-23-a-las-13.36.48.png 1307w\" sizes=\"auto, (max-width: 1024px) 100vw, 1024px\" \/>\t\t\t\t\t\t\t\t\t\t\t\t\t\t\t<\/div>\n\t\t\t\t<\/div>\n\t\t\t\t<\/div>\n\t\t\t\t\t<\/div>\n\t\t\t\t<\/div>\n\t\t\t\t<section class=\"elementor-section elementor-top-section elementor-element elementor-element-46603cbb elementor-section-boxed elementor-section-height-default elementor-section-height-default\" data-id=\"46603cbb\" data-element_type=\"section\" data-settings=\"{&quot;background_background&quot;:&quot;classic&quot;}\">\n\t\t\t\t\t\t<div class=\"elementor-container elementor-column-gap-no\">\n\t\t\t\t\t<div class=\"elementor-column elementor-col-100 elementor-top-column elementor-element elementor-element-1ea4b9f6\" data-id=\"1ea4b9f6\" data-element_type=\"column\">\n\t\t\t<div class=\"elementor-widget-wrap elementor-element-populated\">\n\t\t\t\t\t\t\t\t<section class=\"elementor-section elementor-inner-section elementor-element elementor-element-2fd4e33d elementor-section-boxed elementor-section-height-default elementor-section-height-default\" data-id=\"2fd4e33d\" data-element_type=\"section\">\n\t\t\t\t\t\t<div class=\"elementor-container elementor-column-gap-no\">\n\t\t\t\t\t<div class=\"elementor-column elementor-col-25 elementor-inner-column elementor-element elementor-element-330ad30f\" data-id=\"330ad30f\" data-element_type=\"column\" data-settings=\"{&quot;background_background&quot;:&quot;classic&quot;}\">\n\t\t\t<div class=\"elementor-widget-wrap elementor-element-populated\">\n\t\t\t\t\t\t\t\t<div class=\"elementor-element elementor-element-665e0bfe popmake-2363\t elementor-widget elementor-widget-image\" data-id=\"665e0bfe\" data-element_type=\"widget\" id=\"popmake-2363\" data-widget_type=\"image.default\">\n\t\t\t\t<div class=\"elementor-widget-container\">\n\t\t\t\t\t\t\t\t\t\t\t\t\t\t\t<img loading=\"lazy\" decoding=\"async\" width=\"1024\" height=\"683\" src=\"https:\/\/tuhabitacionenoviedo.com\/wp-content\/uploads\/2023\/10\/FA_comun_a-1024x683.jpg\" class=\"attachment-large size-large wp-image-2223\" alt=\"\" srcset=\"https:\/\/tuhabitacionenoviedo.com\/wp-content\/uploads\/2023\/10\/FA_comun_a-1024x683.jpg 1024w, https:\/\/tuhabitacionenoviedo.com\/wp-content\/uploads\/2023\/10\/FA_comun_a-300x200.jpg 300w, https:\/\/tuhabitacionenoviedo.com\/wp-content\/uploads\/2023\/10\/FA_comun_a-768x512.jpg 768w, https:\/\/tuhabitacionenoviedo.com\/wp-content\/uploads\/2023\/10\/FA_comun_a-1536x1024.jpg 1536w, https:\/\/tuhabitacionenoviedo.com\/wp-content\/uploads\/2023\/10\/FA_comun_a.jpg 1600w\" sizes=\"auto, (max-width: 1024px) 100vw, 1024px\" \/>\t\t\t\t\t\t\t\t\t\t\t\t\t\t\t<\/div>\n\t\t\t\t<\/div>\n\t\t\t\t<div class=\"elementor-element elementor-element-76368419 elementor-widget elementor-widget-image-box\" data-id=\"76368419\" data-element_type=\"widget\" data-widget_type=\"image-box.default\">\n\t\t\t\t<div class=\"elementor-widget-container\">\n\t\t\t<style>\/*! elementor - v3.16.0 - 17-10-2023 *\/\n.elementor-widget-image-box .elementor-image-box-content{width:100%}@media (min-width:768px){.elementor-widget-image-box.elementor-position-left .elementor-image-box-wrapper,.elementor-widget-image-box.elementor-position-right .elementor-image-box-wrapper{display:flex}.elementor-widget-image-box.elementor-position-right .elementor-image-box-wrapper{text-align:right;flex-direction:row-reverse}.elementor-widget-image-box.elementor-position-left .elementor-image-box-wrapper{text-align:left;flex-direction:row}.elementor-widget-image-box.elementor-position-top .elementor-image-box-img{margin:auto}.elementor-widget-image-box.elementor-vertical-align-top .elementor-image-box-wrapper{align-items:flex-start}.elementor-widget-image-box.elementor-vertical-align-middle .elementor-image-box-wrapper{align-items:center}.elementor-widget-image-box.elementor-vertical-align-bottom .elementor-image-box-wrapper{align-items:flex-end}}@media (max-width:767px){.elementor-widget-image-box .elementor-image-box-img{margin-left:auto!important;margin-right:auto!important;margin-bottom:15px}}.elementor-widget-image-box .elementor-image-box-img{display:inline-block}.elementor-widget-image-box .elementor-image-box-title a{color:inherit}.elementor-widget-image-box .elementor-image-box-wrapper{text-align:center}.elementor-widget-image-box .elementor-image-box-description{margin:0}<\/style><div class=\"elementor-image-box-wrapper\"><div class=\"elementor-image-box-content\"><h5 class=\"elementor-image-box-title\">ZONAS COMUNES<\/h5><p class=\"elementor-image-box-description\">Piso Fuertes Acevedo<\/p><\/div><\/div>\t\t<\/div>\n\t\t\t\t<\/div>\n\t\t\t\t\t<\/div>\n\t\t<\/div>\n\t\t\t\t<div class=\"elementor-column elementor-col-25 elementor-inner-column elementor-element elementor-element-7112335a\" data-id=\"7112335a\" data-element_type=\"column\" data-settings=\"{&quot;background_background&quot;:&quot;classic&quot;}\">\n\t\t\t<div class=\"elementor-widget-wrap elementor-element-populated\">\n\t\t\t\t\t\t\t\t<div class=\"elementor-element elementor-element-9f5e106 popmake-2375\t elementor-widget elementor-widget-image\" data-id=\"9f5e106\" data-element_type=\"widget\" id=\"popmake-2375\" data-widget_type=\"image.default\">\n\t\t\t\t<div class=\"elementor-widget-container\">\n\t\t\t\t\t\t\t\t\t\t\t\t\t\t\t<img loading=\"lazy\" decoding=\"async\" width=\"1024\" height=\"683\" src=\"https:\/\/tuhabitacionenoviedo.com\/wp-content\/uploads\/2023\/10\/FA1a-1024x683.jpg\" class=\"attachment-large size-large wp-image-2229\" alt=\"\" srcset=\"https:\/\/tuhabitacionenoviedo.com\/wp-content\/uploads\/2023\/10\/FA1a-1024x683.jpg 1024w, https:\/\/tuhabitacionenoviedo.com\/wp-content\/uploads\/2023\/10\/FA1a-300x200.jpg 300w, https:\/\/tuhabitacionenoviedo.com\/wp-content\/uploads\/2023\/10\/FA1a-768x512.jpg 768w, https:\/\/tuhabitacionenoviedo.com\/wp-content\/uploads\/2023\/10\/FA1a-1536x1024.jpg 1536w, https:\/\/tuhabitacionenoviedo.com\/wp-content\/uploads\/2023\/10\/FA1a.jpg 1600w\" sizes=\"auto, (max-width: 1024px) 100vw, 1024px\" \/>\t\t\t\t\t\t\t\t\t\t\t\t\t\t\t<\/div>\n\t\t\t\t<\/div>\n\t\t\t\t<div class=\"elementor-element elementor-element-12836772 elementor-widget elementor-widget-image-box\" data-id=\"12836772\" data-element_type=\"widget\" data-widget_type=\"image-box.default\">\n\t\t\t\t<div class=\"elementor-widget-container\">\n\t\t\t<div class=\"elementor-image-box-wrapper\"><div class=\"elementor-image-box-content\"><h5 class=\"elementor-image-box-title\">Habitaci\u00f3n 1<\/h5><p class=\"elementor-image-box-description\">Piso Fuertes Acevedo<\/p><\/div><\/div>\t\t<\/div>\n\t\t\t\t<\/div>\n\t\t\t\t\t<\/div>\n\t\t<\/div>\n\t\t\t\t<div class=\"elementor-column elementor-col-25 elementor-inner-column elementor-element elementor-element-38214463\" data-id=\"38214463\" data-element_type=\"column\" data-settings=\"{&quot;background_background&quot;:&quot;classic&quot;}\">\n\t\t\t<div class=\"elementor-widget-wrap elementor-element-populated\">\n\t\t\t\t\t\t\t\t<div class=\"elementor-element elementor-element-1b0e7090 popmake-2380\t elementor-widget elementor-widget-image\" data-id=\"1b0e7090\" data-element_type=\"widget\" id=\"popmake-2380\" data-widget_type=\"image.default\">\n\t\t\t\t<div class=\"elementor-widget-container\">\n\t\t\t\t\t\t\t\t\t\t\t\t\t\t\t<img loading=\"lazy\" decoding=\"async\" width=\"1024\" height=\"683\" src=\"https:\/\/tuhabitacionenoviedo.com\/wp-content\/uploads\/2023\/10\/FA2a-1024x683.jpg\" class=\"attachment-large size-large wp-image-2236\" alt=\"\" srcset=\"https:\/\/tuhabitacionenoviedo.com\/wp-content\/uploads\/2023\/10\/FA2a-1024x683.jpg 1024w, https:\/\/tuhabitacionenoviedo.com\/wp-content\/uploads\/2023\/10\/FA2a-300x200.jpg 300w, https:\/\/tuhabitacionenoviedo.com\/wp-content\/uploads\/2023\/10\/FA2a-768x512.jpg 768w, https:\/\/tuhabitacionenoviedo.com\/wp-content\/uploads\/2023\/10\/FA2a-1536x1024.jpg 1536w, https:\/\/tuhabitacionenoviedo.com\/wp-content\/uploads\/2023\/10\/FA2a.jpg 1600w\" sizes=\"auto, (max-width: 1024px) 100vw, 1024px\" \/>\t\t\t\t\t\t\t\t\t\t\t\t\t\t\t<\/div>\n\t\t\t\t<\/div>\n\t\t\t\t<div class=\"elementor-element elementor-element-30dd8f0e elementor-widget elementor-widget-image-box\" data-id=\"30dd8f0e\" data-element_type=\"widget\" data-widget_type=\"image-box.default\">\n\t\t\t\t<div class=\"elementor-widget-container\">\n\t\t\t<div class=\"elementor-image-box-wrapper\"><div class=\"elementor-image-box-content\"><h5 class=\"elementor-image-box-title\">Habitaci\u00f3n 2<\/h5><p class=\"elementor-image-box-description\">Piso Fuertes Acevedo<\/p><\/div><\/div>\t\t<\/div>\n\t\t\t\t<\/div>\n\t\t\t\t\t<\/div>\n\t\t<\/div>\n\t\t\t\t<div class=\"elementor-column elementor-col-25 elementor-inner-column elementor-element elementor-element-209ca549\" data-id=\"209ca549\" data-element_type=\"column\" data-settings=\"{&quot;background_background&quot;:&quot;classic&quot;}\">\n\t\t\t<div class=\"elementor-widget-wrap elementor-element-populated\">\n\t\t\t\t\t\t\t\t<div class=\"elementor-element elementor-element-6f3f43c9 popmake-2388\t elementor-widget elementor-widget-image\" data-id=\"6f3f43c9\" data-element_type=\"widget\" id=\"popmake-2388\" data-widget_type=\"image.default\">\n\t\t\t\t<div class=\"elementor-widget-container\">\n\t\t\t\t\t\t\t\t\t\t\t\t\t\t\t<img loading=\"lazy\" decoding=\"async\" width=\"1024\" height=\"683\" src=\"https:\/\/tuhabitacionenoviedo.com\/wp-content\/uploads\/2023\/10\/FA3a-1024x683.jpg\" class=\"attachment-large size-large wp-image-2242\" alt=\"\" srcset=\"https:\/\/tuhabitacionenoviedo.com\/wp-content\/uploads\/2023\/10\/FA3a-1024x683.jpg 1024w, https:\/\/tuhabitacionenoviedo.com\/wp-content\/uploads\/2023\/10\/FA3a-300x200.jpg 300w, https:\/\/tuhabitacionenoviedo.com\/wp-content\/uploads\/2023\/10\/FA3a-768x512.jpg 768w, https:\/\/tuhabitacionenoviedo.com\/wp-content\/uploads\/2023\/10\/FA3a-1536x1024.jpg 1536w, https:\/\/tuhabitacionenoviedo.com\/wp-content\/uploads\/2023\/10\/FA3a.jpg 1600w\" sizes=\"auto, (max-width: 1024px) 100vw, 1024px\" \/>\t\t\t\t\t\t\t\t\t\t\t\t\t\t\t<\/div>\n\t\t\t\t<\/div>\n\t\t\t\t<div class=\"elementor-element elementor-element-970435c elementor-widget elementor-widget-image-box\" data-id=\"970435c\" data-element_type=\"widget\" data-widget_type=\"image-box.default\">\n\t\t\t\t<div class=\"elementor-widget-container\">\n\t\t\t<div class=\"elementor-image-box-wrapper\"><div class=\"elementor-image-box-content\"><h5 class=\"elementor-image-box-title\">Habitaci\u00f3n 3<\/h5><p class=\"elementor-image-box-description\">Piso Fuertes Acevedo<\/p><\/div><\/div>\t\t<\/div>\n\t\t\t\t<\/div>\n\t\t\t\t\t<\/div>\n\t\t<\/div>\n\t\t\t\t\t\t\t<\/div>\n\t\t<\/section>\n\t\t\t\t\t<\/div>\n\t\t<\/div>\n\t\t\t\t\t\t\t<\/div>\n\t\t<\/section>\n\t\t<div class=\"elementor-element elementor-element-4dca0eb2 e-flex e-con-boxed e-con e-parent\" data-id=\"4dca0eb2\" data-element_type=\"container\" data-settings=\"{&quot;content_width&quot;:&quot;boxed&quot;}\" data-core-v316-plus=\"true\">\n\t\t\t\t\t<div class=\"e-con-inner\">\n\t\t\t\t<div class=\"elementor-element elementor-element-57c56960 elementor-widget elementor-widget-google_maps\" data-id=\"57c56960\" data-element_type=\"widget\" data-widget_type=\"google_maps.default\">\n\t\t\t\t<div class=\"elementor-widget-container\">\n\t\t\t<style>\/*! elementor - v3.16.0 - 17-10-2023 *\/\n.elementor-widget-google_maps .elementor-widget-container{overflow:hidden}.elementor-widget-google_maps .elementor-custom-embed{line-height:0}.elementor-widget-google_maps iframe{height:300px}<\/style>\t\t<div class=\"elementor-custom-embed\">\n\t\t\t<iframe loading=\"lazy\"\n\t\t\t\t\tsrc=\"https:\/\/maps.google.com\/maps?q=c%2F%20Fuertes%20Acevedo%20110%20%E2%80%93%20Oviedo&#038;t=m&#038;z=15&#038;output=embed&#038;iwloc=near\"\n\t\t\t\t\ttitle=\"c\/ Fuertes Acevedo 110 \u2013 Oviedo\"\n\t\t\t\t\taria-label=\"c\/ Fuertes Acevedo 110 \u2013 Oviedo\"\n\t\t\t><\/iframe>\n\t\t<\/div>\n\t\t\t\t<\/div>\n\t\t\t\t<\/div>\n\t\t\t\t\t<\/div>\n\t\t\t\t<\/div>\n\t\t\t\t\t\t\t<\/div>\n\t\t","protected":false},"excerpt":{"rendered":"<p>PISO FUERTES ACEVEDO Piso de 65m2 con 3 habitaciones y 3 ba\u00f1os, zona com\u00fan compuesta de cocina-comedor completamente equipada y con Smart TV, balc\u00f3n exterior. Piso reformado en 2023. Edificio sin ascensor. \u00a0 Excelente localizaci\u00f3n: a s\u00f3lo 2 minutos caminando del Campus Universitario del Cristo (Oviedo) y con parada de autob\u00fas urbano en la puerta. &hellip;<\/p>\n<p class=\"read-more\"> <a class=\"\" href=\"https:\/\/tuhabitacionenoviedo.com\/index.php\/pisofuertesacevedo\/\"> <span class=\"screen-reader-text\">Piso Fuertes Acevedo<\/span> Leer m\u00e1s &raquo;<\/a><\/p>\n","protected":false},"author":1,"featured_media":0,"parent":0,"menu_order":0,"comment_status":"closed","ping_status":"closed","template":"","meta":{"site-sidebar-layout":"no-sidebar","site-content-layout":"page-builder","ast-site-content-layout":"","site-content-style":"default","site-sidebar-style":"default","ast-global-header-display":"","ast-banner-title-visibility":"","ast-main-header-display":"","ast-hfb-above-header-display":"","ast-hfb-below-header-display":"","ast-hfb-mobile-header-display":"","site-post-title":"disabled","ast-breadcrumbs-content":"","ast-featured-img":"disabled","footer-sml-layout":"","theme-transparent-header-meta":"enabled","adv-header-id-meta":"","stick-header-meta":"","header-above-stick-meta":"","header-main-stick-meta":"","header-below-stick-meta":"","astra-migrate-meta-layouts":"","footnotes":""},"class_list":["post-1712","page","type-page","status-publish","hentry"],"_links":{"self":[{"href":"https:\/\/tuhabitacionenoviedo.com\/index.php\/wp-json\/wp\/v2\/pages\/1712","targetHints":{"allow":["GET"]}}],"collection":[{"href":"https:\/\/tuhabitacionenoviedo.com\/index.php\/wp-json\/wp\/v2\/pages"}],"about":[{"href":"https:\/\/tuhabitacionenoviedo.com\/index.php\/wp-json\/wp\/v2\/types\/page"}],"author":[{"embeddable":true,"href":"https:\/\/tuhabitacionenoviedo.com\/index.php\/wp-json\/wp\/v2\/users\/1"}],"replies":[{"embeddable":true,"href":"https:\/\/tuhabitacionenoviedo.com\/index.php\/wp-json\/wp\/v2\/comments?post=1712"}],"version-history":[{"count":60,"href":"https:\/\/tuhabitacionenoviedo.com\/index.php\/wp-json\/wp\/v2\/pages\/1712\/revisions"}],"predecessor-version":[{"id":2729,"href":"https:\/\/tuhabitacionenoviedo.com\/index.php\/wp-json\/wp\/v2\/pages\/1712\/revisions\/2729"}],"wp:attachment":[{"href":"https:\/\/tuhabitacionenoviedo.com\/index.php\/wp-json\/wp\/v2\/media?parent=1712"}],"curies":[{"name":"wp","href":"https:\/\/api.w.org\/{rel}","templated":true}]}}